+ 98. What are the prime factors of 12995/138*(i + 7)?
5, 113
Suppose -8*b = -4*b + 30*b - 491912. List the prime factors of b.
2, 3617
Let q = -723 + 663. List the prime factors of (q/8)/(758/152 + -5).
2, 3, 5, 19
Let w(p) = p**2 - 2*p + 1. Let g be 4/(-14) + (-46)/(-14). Suppose 7*c = g*c - 8. What are the prime factors of w(c)?
3
Let j = 13166 - -7392. List the prime factors of j.
2, 19, 541
Suppose 27*c = 23*c + 4. List the prime factors of 405*(c - 0) + (18 - 17).
2, 7, 29
Suppose 2*w + 12 = w - 5*o, 0 = -2*o - 6. Suppose 2*k + 4*l = 38, 2*l + w*l - 40 = -2*k. What are the prime factors of (-233)/(-5) + (-9)/k?
2, 23
Let n(u) = 3*u**3 + 15*u**2 + 5*u + 31. Let t be n(-5). Suppose -t*x - 2*w = -5*x - 608, -4*x - 3*w = -2422. What are the prime factors of x?
2, 151
Let y(m) = 13*m**2 + 110*m + 37. What are the prime factors of y(15)?
2, 1153
Let p(a) = -25*a + 7 + 5 + 3 + 0. Suppose 17*m + l - 44 = 22*m, 4*m + l = -28. What are the prime factors of p(m)?
5, 43
Suppose 68*j - 7567 = 61*j. List the prime factors of j.
23, 47
Suppose 320 = -69*f - 370. Let y be ((-120)/(-2))/(2 + -1). List the prime factors of (((-87)/2)/3)/(f/y).
3, 29
Let f(k) = -4*k**2 + 22*k - 6. Let q be f(5). Suppose -a - 4*y - y = -137, q*a = -3*y + 548. List the prime factors of a.
137
Let t = -133 + 133. Suppose -2*k = 3*u - 155, 4*u - 3*k - k - 220 = t. What are the prime factors of u?
53
Let x = 30118 - 5619. List the prime factors of x.
24499
Let y(t) = -17*t + 43. Let x(f) = 18*f - 47. Let n(v) = 5*x(v) + 6*y(v). What are the prime factors of n(-16)?
5, 43
Let v = 235 - -13062. What are the prime factors of v?
13297
Let f be (-1)/(2/(-8)) + 65. Suppose -o = -4*u - f, o + 264 = 5*o - 4*u. What are the prime factors of 3955/o + 4/26?
61
Let d(l) = -11*l - 62. Let c be d(-14). What are the prime factors of 5/((20/c)/5)?
5, 23
Suppose -151*d + 35672 = -137*d. List the prime factors of d.
2, 7, 13
Suppose j = -2*j + 2*n + 28, -8 = j - 5*n. Suppose 12497 = j*b - 3139. List the prime factors of b.
1303
Let r(o) = 12*o - 24. Let t be r(2). Let k(a) = 93 + 5*a - 3*a**3 + 2*a**3 + 2*a**2 - 2*a. List the prime factors of k(t).
3, 31
Suppose -42 = -20*s + 16*s + t, 0 = -s - 3*t + 17. Let o(r) = 12*r**2 + 6*r - 6. What are the prime factors of o(s)?
2, 3, 7
Let u(m) = 1087*m**2 + 82*m - 171. What are the prime factors of u(2)?
3, 1447
Let g(j) = -j**3 + 4*j**2 - 3*j + 2. Let s be g(3). Suppose 3*w - s*l = 2019, w = 18*l - 16*l + 673. List the prime factors of w.
673
List the prime factors of (-21)/((-147)/11914) - -11.
3, 571
Let o be ((22 - 0)/2)/((-31)/(-62)). Let a be ((-75)/12)/(5/(-20)). Suppose o*d = a*d - 216. List the prime factors of d.
2, 3
Suppose 0 = -3*m + 2*z + 5189, 134 + 1614 = m + 3*z. List the prime factors of m.
1733
Suppose -11*g + 13*g - 2106 = -2*m, -5*m + g + 5283 = 0. List the prime factors of m.
2, 3, 11
Suppose 5*g - 10 = 10. Suppose g*q - 4*d + 5*d - 1865 = 0, 3*q - 2*d = 1385. Suppose 4*u - q = -173. What are the prime factors of u?
73
Let w(m) = m + 21. Let t be w(-14). Let v = 2 + t. Suppose v*g - 379 = 242. What are the prime factors of g?
3, 23
Let t(z) = -4*z + 676. What are the prime factors of t(18)?
2, 151
Suppose 0 = 813*u - 655*u - 6918662. What are the prime factors of u?
43789
Let p = 6368 - -20972. What are the prime factors of p?
2, 5, 1367
Suppose 83*l = 78*l + 2*a + 351741, 211067 = 3*l - 4*a. List the prime factors of l.
5, 11, 1279
Suppose -2*r + 2 = -36. Suppose r*t + 3*x - 33 = 18*t, 0 = -4*t + 4*x + 84. List the prime factors of t.
2, 3
Let u = 13552 + -12949. List the prime factors of u.
3, 67
Let c be 0/(-3) - (1 - 5). Suppose -3*m = c*f + 14, 3*m - f - 21 = 2*f. Suppose 2*a + m*a - 492 = 0. List the prime factors of a.
3, 41
Suppose -5*y - 2*c = -12 + 1, -4 = 2*c. Suppose 282 - 1962 = -y*g. List the prime factors of g.
2, 5, 7
Suppose k - 18555 = -2*x, -12*k + 7*k = 4*x - 92793. List the prime factors of k.
3, 23, 269
Suppose -57*c + d + 33654 = -54*c, -3*c - 2*d = -33663. What are the prime factors of c?
13, 863
Suppose 3550050 = 450*l - 225*l. List the prime factors of l.
2, 7, 23
Suppose d = -190*z + 191*z + 16553, d - 16543 = -z. What are the prime factors of d?
2, 3, 7, 197
Let p(f) = 179*f**2 + 13 - 91*f**2 - 84*f**2 + 8*f. What are the prime factors of p(4)?
109
Suppose 200 = -4*t + 2*p - 6*p, 4*p = t + 70. Let u = -52 - t. Let j(s) = 9*s**3 + 2*s**2 + s - 6. What are the prime factors of j(u)?
2, 19
Let z(g) be the first derivative of g**4/4 - g - 25. Let k be z(2). Suppose c + 567 = 4*o, 6*o - k*o + 2*c + 147 = 0. What are the prime factors of o?
3, 47
Suppose 0*d = 3*t - 2*d + 83, -3*t - 4*d = 113. Let h = 49 + t. List the prime factors of h.
2, 3
Let q(b) = b**3 + 18*b**2 - 11*b + 8. Let h(o) = o**3 - 7*o**2 + 9*o - 2. Let v be h(5). Let w = -25 - v. What are the prime factors of q(w)?
2, 103
Suppose -5*t = -19 - 26. Let g(h) be the second derivative of 11*h**3/6 - 5*h**2/2 + 2*h - 348. What are the prime factors of g(t)?
2, 47
Suppose -13365 = 16*b - 57237. What are the prime factors of b?
2, 3, 457
Suppose 3*i - 37860 = q - 6818, -5*i = 3*q - 51718. What are the prime factors of i?
2, 7, 739
Let k(p) = p**3 - 1. Let j be k(2). Suppose -j*c - 411 = -4*c. Let n = 0 - c. List the prime factors of n.
137
Suppose -u = -6*u + 32562 + 19168. What are the prime factors of u?
2, 7, 739
Let t(b) = 4*b**3 - 56*b**2 + 66*b - 21. Let z be t(13). Suppose 2*g - 963 = -g. Let a = g - z. What are the prime factors of a?
2, 5
Let g(z) = 36*z + 33. Suppose -14*w - 22 = -16*w. List the prime factors of g(w).
3, 11, 13
Suppose -4*z + 47025 = -106003. What are the prime factors of z?
67, 571
Let x(d) = -7*d**2 + 3*d + 8*d**2 - d - 33*d**3. What are the prime factors of x(-1)?
2
Suppose -44 = -3*y + 1. Suppose -y = 61*w - 64*w. What are the prime factors of (10/(-17))/w + 1277/17?
3, 5
Suppose 83*y + 351425 - 343353 = 669831. What are the prime factors of y?
7, 17, 67
Let m = -27 + 1275. Suppose 2*g = 5*z + 699, -3*g - 217 = -4*z - m. What are the prime factors of g?
337
Let w(r) = 5*r**3 - 8*r**2 - 20*r - 24. Let t be w(8). Let a = t + -1109. List the prime factors of a.
5, 151
Suppose 0 = -11*n + 19*n + 17*n - 852600. What are the prime factors of n?
2, 3, 7, 29
Suppose 0 = -62*g - 44*g + 92*g + 318920. List the prime factors of g.
2, 5, 17, 67
Let o = -210 + 112. Let k(w) = -2*w**3 - 9*w**2 - 8*w - 7. Let g be k(-6). Let b = o + g. List the prime factors of b.
3, 17
Let f(k) = -12*k + 14. Let a be f(2). Let l(u) be the second derivative of -9*u**3/2 + 5*u**2 - 8*u. What are the prime factors of l(a)?
2, 5, 7
List the prime factors of ((-19)/76*-36)/((-1)/(-549)).
3, 61
Let l(m) = -38*m + 1. Let i(n) = n**2 + 9*n + 9. Let k be i(-8). Let g(d) = -d + 1. Let t(z) = k*l(z) + 2*g(z). What are the prime factors of t(-1)?
43
Let b(y) = -y**2 + 16*y + 7. Suppose 5*i + 1 = -3*k - 4, 0 = -2*k - 4*i - 6. Suppose -5*a + 10 = -4*t - 23, 0 = -k*t + 15. List the prime factors of b(a).
2, 5, 7
Let q(p) = 95*p**3 + 2*p**2 + 4*p - 4. Let j be q(1). Let t = 551 - j. List the prime factors of t.
2, 227
Let a(o) = -182*o + 28. Suppose 0 = -s - 0 - 3. What are the prime factors of a(s)?
2, 7, 41
What are the prime factors of 2/14 + 5311746/693?
3, 5, 7, 73
Suppose 2*y - 1350 = -5*r, 0*y + 1345 = 5*r + 3*y. Suppose -10*d - r = 348. What are the prime factors of 1*(2 - d) - (1 - 3)?
2, 3, 11
Let m = -33475 + 60731. What are the prime factors of 14/49 - m/(-56)?
487
Suppose 4*s = 5*a - 340, 2*a = 5*a - 2*s - 204. Suppose a = 8*o + 4. Suppose 309 + 1003 = o*v. List the prime factors of v.
2, 41
Let t = 6 + 7. Let l = 79 - t. Let n = l - -35. What are the prime factors of n?
101
Let q(c) = -27*c - 72. Let o(p) = -p + 3. Let s(a) = 18*o(a) - q(a). List the prime factors of s(22).
2, 3
Let h(w) = 2*w. Let g = -46 + 47. Let r be h(g). Suppose 0 = 2*l + r*x - 4*x - 210, -4*l + x + 417 = 0. List the prime factors of l.
2, 13
Let i(q) = 2*q**3 + 5*q**2 - 12*q - 19. Let m(v) = v**3 + 2*v**2 - 6*v - 9. Let l(w) = -3*i(w) + 5*m(w). What are the prime factors of l(-6)?
2, 3
List the prime factors of 5 + (1 - -87)*1.
3, 31
Suppose 157166 = -17*r + 26*r - 61183. List the prime factors of r.
3, 8087
Suppose 56*b - 179421 = 15*b - 62858. What are the prime factors of